e?
True
Is 3330249697 a composite number?
True
Is 360572161 composite?
False
Is 6929806889 a composite number?
False
Is 4834112927 a prime number?
False
Is 1687234349 prime?
False
Is 324218459 a prime number?
True
Is 305709273677 composite?
False
Is 9176252971 composite?
False
Is 13430817011 a composite number?
True
Is 7136619629 a composite number?
False
Is 112568329 a prime number?
False
Is 32461417309 a composite number?
False
Is 2312562611 composite?
False
Is 540554023 composite?
False
Is 299389339 a prime number?
False
Is 432966937 prime?
False
Is 110152531 a prime number?
True
Is 39838766921 prime?
False
Is 9519024689 a prime number?
True
Is 521677391 composite?
False
Is 1066262941 a composite number?
False
Is 11961453403 prime?
False
Is 35918959451 a prime number?
False
Is 6915346118 composite?
True
Is 1699819937 a prime number?
True
Is 34707000169 composite?
False
Is 3907335317 a prime number?
False
Is 178852879 a composite number?
False
Is 28027409117 composite?
False
Is 7625314271 composite?
False
Is 244994003 a composite number?
True
Is 76214267149 a composite number?
True
Is 880899949 a prime number?
False
Is 21409867301 composite?
False
Is 64048861 a prime number?
True
Is 1078350115 prime?
False
Is 34120597697 a composite number?
False
Is 14837593283 a prime number?
True
Is 10535428529 a prime number?
True
Is 5099180029 a prime number?
True
Is 21788943383 a prime number?
False
Is 122662751 a composite number?
False
Is 301843889 composite?
True
Is 1654943431 prime?
False
Is 4834019195 a prime number?
False
Is 620497109 prime?
True
Is 2851686367 prime?
True
Is 7056782737 a prime number?
False
Is 80741197 composite?
False
Is 489880498 composite?
True
Is 390433880017 composite?
False
Is 20607199619 a composite number?
True
Is 1275953069 composite?
False
Is 25002047309 a prime number?
False
Is 128152877 a composite number?
False
Is 10856811467 a prime number?
True
Is 32546118649 prime?
False
Is 27168278413 composite?
True
Is 645250201 prime?
False
Is 534837013 a composite number?
False
Is 712114253 prime?
True
Is 8185989229 a prime number?
False
Is 122859320273 prime?
True
Is 5465081917 prime?
True
Is 10671014239 a prime number?
True
Is 327862091 prime?
True
Is 2233650463 a prime number?
False
Is 86033351 composite?
True
Is 731301793 composite?
True
Is 822011627 a prime number?
False
Is 43708586 prime?
False
Is 1500658277 a prime number?
True
Is 3576802277 a composite number?
False
Is 1141959707 prime?
False
Is 1023259379 a composite number?
False
Is 296809361 a prime number?
True
Is 3799773979 prime?
True
Is 6623809 a prime number?
True
Is 707647529 a composite number?
False
Is 10837405967 a prime number?
False
Is 287350139 composite?
True
Is 4680831851 a composite number?
True
Is 2237606297 a prime number?
True
Is 17762523773 a prime number?
True
Is 1764005987 composite?
True
Is 1753754257 composite?
True
Is 178420416203 composite?
False
Is 1267585393 prime?
True
Is 4559772571 composite?
False
Is 689837323 a prime number?
False
Is 7089704305 composite?
True
Is 12841581359 a composite number?
True
Is 5152911799 a prime number?
False
Is 1190633429 composite?
True
Is 40319774849 a prime number?
True
Is 222656493 a composite number?
True
Is 36888287677 prime?
False
Is 789793481 a composite number?
True
Is 571751213 composite?
True
Is 8766361781 composite?
False
Is 1698053333 a composite number?
False
Is 6772642369 prime?
False
Is 85626942899 prime?
True
Is 19622537669 a composite number?
True
Is 695210311 a prime number?
True
Is 19527877049 prime?
False
Is 12766068769 prime?
True
Is 11366102789 composite?
False
Is 66231323 a composite number?
False
Is 2768391973 composite?
True
Is 697692763 a prime number?
True
Is 21140773 a prime number?
False
Is 4935773551 composite?
False
Is 299260627 a composite number?
False
Is 1290220963 prime?
True
Is 230255981 a composite number?
True
Is 136181117 prime?
True
Is 403011929 a composite number?
False
Is 17785753307 a prime number?
False
Is 10771952677 a prime number?
True
Is 3746930969 a composite number?
False
Is 8999142167 prime?
True
Is 11612388167 composite?
True
Is 1490459489 composite?
True
Is 15630087361 composite?
True
Is 3224559193 prime?
False
Is 36919717687 composite?
False
Is 1706389233 a prime number?
False
Is 8547073495 a prime number?
False
Is 60002097559 a composite number?
False
Is 250883921 a composite number?
True
Is 581969903 prime?
True
Is 90444592369 composite?
False
Is 69512400401 prime?
False
Is 9176758139 a prime number?
True
Is 10077775039 prime?
True
Is 25302139349 composite?
False
Is 4617660889 composite?
False
Is 1495115009 a prime number?
True
Is 16706194573 a composite number?
False
Is 382289447 a prime number?
True
Is 310941908969 a composite number?
False
Is 4908612869 a composite number?
True
Is 64054491389 composite?
True
Is 13934558969 prime?
False
Is 861098323 a prime number?
True
Is 73290087419 a composite number?
False
Is 13782366839 a prime number?
True
Is 6806765389 composite?
False
Is 7519692559 a composite number?
False
Is 561890935 composite?
True
Is 104808559 a composite number?
False
Is 935183573 a prime number?
True
Is 900802853 composite?
True
Is 18676932349 a prime number?
True
Is 350503552141 prime?
True
Is 12571701685 a composite number?
True
Is 28547971581 composite?
True
Is 80069917 composite?
False
Is 5848358927 prime?
True
Is 7579652429 composite?
True
Is 1074381311 prime?
False
Is 3154270477 composite?
False
Is 5601469303 composite?
False
Is 87782775901 prime?
True
Is 929580011 composite?
False
Is 2854240621 prime?
True
Is 4067787287 composite?
False
Is 41107503317 a composite number?
True
Is 30002391473 a composite number?
False
Is 1826312513 composite?
False
Is 14691347911 prime?
False
Is 3914414159 a prime number?
True
Is 7654832683 a prime number?
False
Is 3214823197 prime?
True
Is 600380617 a prime number?
False
Is 4139306051 a composite number?
True
Is 2498386411 a prime number?
False
Is 16416040705 a prime number?
False
Is 20973370855 a prime number?
False
Is 26740889761 composite?
False
Is 4153853071 prime?
False
Is 32741565407 prime?
False
Is 602487719 a prime number?
True
Is 9169465229 a composite number?
False
Is 4156038023 composite?
True
Is 16181407951 a prime number?
True
Is 59967898993 a composite number?
False
Is 162724693 a prime number?
False
Is 5391415583 a composite number?
True
Is 95865857 a composite number?
True
Is 837725239 prime?
False
Is 33057559511 a prime number?
False
Is 557446823 a composite number?
False
Is 1047601369 prime?
False
Is 650465393 a prime number?
True
Is 668322113 a prime number?
True
Is 4595110831 a composite number?
False
Is 10628748061 a composite number?
False
Is 7417258943 composite?
False
Is 6105127139 composite?
True
Is 32695813 composite?
False
Is 1649091959 composite?
False
Is 4565814713 composite?
True
Is 80601061 a composite number?
False
Is 9751788569 a composite number?
False
Is 210270539 composite?
True
Is 333372673 composite?
True
Is 13103966399 composite?
False
Is 31118819909 prime?
True
Is 67999518299 a composite number?
True
Is 12478152199 composite?
True
Is 322181551 a composite number?
True
Is 2152445753 a composite number?
True
Is 120892411 prime?
True
Is 381393601 a composite number?
False
Is 387240559 prime?
True
Is 35442198709 a prime number?
True
Is 2453491093 composite?
True
Is 1617845261 a prime number?
False
Is 3841935991 a composite number?
False
Is 2026470361 prime?
False
Is 1636796251 prime?
False
Is 68114169989 a composite number?
False
Is 1512707687 composite?
False
Is 6613474821 composite?
True
Is 2944851589 a composite number?
False
Is 510512291111 a composite number?
False
Is 4559748829 a composite number?
False
Is 33249133433 a prime number?
False
Is 29428621531 composite?
True
Is 403308809 prime?
True
Is 41582782903 a composite number?
False
Is 43644305011 a composite number?
False
Is 12123940943 composite?
False
Is 86381960279 prime?
True
Is 840125597 a composite number?
False
Is 10950107369 a prime number?
True
Is 2326911737 prime?
False
Is 2452083461 composite?
False
Is 1248304411 a composite number?
False
Is 67627097 composite?
False
Is 333430043 composite?
False
Is 325331549 prime?
False
Is 2881029373 a composite number?
True
Is 4631542789 composite?
Tru